ommon factor of 181 and 894864.
181
What is the highest common divisor of 125 and 10664875?
125
What is the greatest common divisor of 21125 and 130?
65
What is the greatest common factor of 139625 and 500?
125
What is the greatest common factor of 76 and 1908?
4
Calculate the greatest common divisor of 7155234 and 558.
558
What is the greatest common factor of 154802 and 68?
34
Calculate the greatest common factor of 1482257 and 97.
97
What is the highest common divisor of 625430 and 130?
130
Calculate the highest common factor of 96 and 7674.
6
What is the highest common divisor of 13046 and 264?
22
What is the greatest common factor of 1587 and 4416?
69
What is the greatest common factor of 153 and 1666017?
153
What is the greatest common factor of 72 and 83112?
24
Calculate the greatest common divisor of 927 and 3357.
9
What is the greatest common divisor of 475 and 74765?
95
What is the highest common factor of 15513 and 105?
3
What is the greatest common factor of 13206 and 108204?
426
What is the greatest common factor of 45927 and 17451?
63
What is the highest common divisor of 16576534 and 338?
338
Calculate the greatest common divisor of 304 and 27018.
38
What is the greatest common divisor of 1424625 and 725?
725
Calculate the greatest common factor of 8120 and 4662.
14
What is the highest common divisor of 21189 and 798?
21
What is the greatest common factor of 489 and 30481?
163
Calculate the highest common factor of 5335 and 605765.
485
What is the greatest common divisor of 1215 and 420?
15
Calculate the highest common divisor of 190 and 30230.
10
Calculate the greatest common factor of 2914 and 7316.
62
What is the highest common factor of 7960 and 1880?
40
What is the greatest common divisor of 1424220 and 56?
28
What is the highest common divisor of 37490 and 1304?
326
What is the highest common divisor of 144491 and 79?
79
What is the highest common divisor of 82058 and 178?
178
Calculate the highest common factor of 19 and 753692.
19
What is the greatest common factor of 808 and 16001228?
404
Calculate the highest common factor of 302533 and 3080.
77
What is the highest common factor of 1168005 and 90?
15
What is the greatest common divisor of 480 and 22740?
60
What is the highest common factor of 1298 and 16742?
22
What is the highest common divisor of 2607 and 6162?
237
What is the greatest common factor of 67280 and 160?
80
Calculate the greatest common divisor of 1718 and 6.
2
Calculate the greatest common divisor of 44562 and 294.
42
What is the greatest common divisor of 1272 and 5256?
24
What is the greatest common divisor of 1564 and 24242?
782
What is the greatest common divisor of 13545 and 1155?
105
What is the highest common factor of 11550 and 581658?
462
What is the greatest common divisor of 6941 and 671?
11
What is the highest common divisor of 1504 and 180198?
94
What is the greatest common divisor of 1679 and 1219?
23
Calculate the greatest common divisor of 33764 and 92.
92
What is the highest common divisor of 2800 and 94416?
112
What is the highest common divisor of 979 and 200072?
89
What is the greatest common divisor of 21908 and 4?
4
What is the greatest common factor of 3382 and 3078?
38
Calculate the greatest common divisor of 751300 and 18700.
1100
Calculate the highest common factor of 637659 and 10032.
627
Calculate the highest common divisor of 4961 and 56047.
41
What is the greatest common divisor of 5103 and 16065?
189
What is the greatest common factor of 29929 and 2422?
173
What is the highest common divisor of 221178 and 2292?
1146
Calculate the highest common divisor of 156 and 1570476.
12
What is the greatest common factor of 106561 and 273?
91
What is the greatest common divisor of 2788 and 1481125?
697
Calculate the highest common factor of 273 and 1313000.
13
What is the highest common factor of 671 and 1769?
61
Calculate the highest common divisor of 225 and 448000.
25
Calculate the greatest common factor of 5682 and 204.
6
Calculate the highest common divisor of 13 and 810745.
13
What is the highest common divisor of 9449 and 1639?
11
Calculate the greatest common factor of 10362 and 264.
66
Calculate the greatest common divisor of 4752 and 8640.
432
What is the highest common divisor of 26 and 108303?
13
What is the greatest common divisor of 157957 and 3308?
827
What is the highest common factor of 651773 and 236?
59
Calculate the greatest common factor of 1422 and 82792.
158
Calculate the greatest common divisor of 11512040 and 40.
40
Calculate the highest common divisor of 5599867 and 1911.
637
What is the highest common divisor of 416 and 1400?
8
Calculate the greatest common divisor of 86 and 666887.
43
What is the greatest common divisor of 1771 and 22218?
161
What is the greatest common factor of 15 and 1241355?
15
Calculate the greatest common divisor of 30353 and 5975.
239
Calculate the highest common factor of 174 and 937251.
87
Calculate the greatest common factor of 233727 and 4563.
507
What is the greatest common divisor of 234052 and 643?
643
What is the highest common divisor of 154898 and 246?
82
Calculate the greatest common factor of 48 and 172976.
16
Calculate the greatest common divisor of 10122 and 3133.
241
Calculate the greatest common factor of 48 and 2756568.
24
Calculate the greatest common divisor of 57421 and 7917.
91
What is the highest common factor of 12128 and 864?
32
What is the greatest common divisor of 90 and 208620?
90
Calculate the highest common factor of 2 and 12202.
2
Calculate the highest common factor of 3087 and 81.
9
What is the highest common divisor of 454587 and 21?
21
Calculate the highest common divisor of 36 and 3587340.
12
What is the greatest common factor of 254 and 3302?
254
Calculate the greatest common divisor of 44296 and 64.
8
Calculate the highest common divisor of 295 and 117115.
295
Calculate the greatest common factor of 83201 and 5889.
151
Calculate the greatest common divisor of 162 and 7434.
18
What is the highest common factor of 430 and 37195?
215
Calculate the greatest common divisor of 1520568 and 11466.
882
Calculate the highest common divisor of 795 and 20.
5
What is the greatest common factor of 81 and 5553036?
81
Calculate the greatest common factor of 67635 and 891.
81
Calculate the highest common divisor of 214 and 1770422.
214
What is the greatest common factor of 8040 and 61020?
60
What is the greatest common divisor of 62678 and 605?
121
What is the highest common divisor of 319870 and 290?
290
Calculate the greatest common divisor of 1130 and 2467694.
226
Calculate the greatest common factor of 96165 and 6.
3
Calculate the highest common factor of 509868 and 324.
108
Calculate the highest common divisor of 8563700 and 7250.
1450
Calculate the highest common divisor of 633 and 558.
3
What is the greatest common factor of 2360 and 593245?
295
Calculate the greatest common divisor of 12560 and 400.
80
Calculate the highest common divisor of 11439483 and 66.
33
Calculate the greatest common divisor of 227876 and 1364.
44
What is the highest common divisor of 175 and 1895950?
175
Calculate the highest common divisor of 360294 and 636.
318
What is the greatest common factor of 974 and 242?
2
What is the highest common divisor of 82 and 284376?
82
What is the greatest common divisor of 7 and 2350341?
7
What is the greatest common divisor of 19557 and 636?
159
Calculate the greatest common factor of 290377 and 62.
31
Calculate the highest common divisor of 12672 and 4455.
99
Calculate the greatest common factor of 880450 and 25.
25
What is the greatest common factor of 41 and 9069979?
41
What is the highest common factor of 12863 and 19?
19
What is the greatest common factor of 472397 and 190?
19
Calculate the greatest common factor of 430 and 117906.
86
What is the highest common factor of 61908 and 67?
67
Calculate the highest common divisor of 209061 and 356.
89
Calculate the greatest common factor of 73647 and 1057.
7
Calculate the highest common divisor of 8703 and 450.
9
Calculate the greatest common factor of 75824 and 140.
28
What is the highest common factor of 2889 and 13851?
27
What is the greatest common divisor of 184 and 28648?
8
Calculate the highest common factor of 20 and 380890.
10
Calcu